{"id":109,"date":"2024-11-26T22:41:42","date_gmt":"2024-11-26T21:41:42","guid":{"rendered":"https:\/\/faemanag.com\/?page_id=109"},"modified":"2024-11-26T22:41:42","modified_gmt":"2024-11-26T21:41:42","slug":"profil-et-experience","status":"publish","type":"page","link":"https:\/\/faemanag.com\/index.php\/profil-et-experience\/","title":{"rendered":"Profil et exp\u00e9rience"},"content":{"rendered":"\n<blockquote class=\"wp-block-quote is-layout-flow wp-block-quote-is-layout-flow\">\n<p>Formation: <\/p>\n\n\n\n<p>Universit\u00e9 de Lille III  <\/p>\n\n\n\n<p>IRA de Lille<\/p>\n\n\n\n<p>Institut de Sociodynamique<\/p>\n\n\n\n<p>Ecole d&#8217;Ethologie Humaine<\/p>\n\n\n\n<p>DEFC (Dipl\u00f4me d&#8217;Entra\u00eeneur F\u00e9d\u00e9ral de Club, option Billard Fran\u00e7ais)<\/p>\n<\/blockquote>\n\n\n\n<blockquote class=\"wp-block-quote is-layout-flow wp-block-quote-is-layout-flow\">\n<p>Exp\u00e9rience:<\/p>\n\n\n\n<p>Encadrement dans de petites et grandes structures.<\/p>\n\n\n\n<p>Gestion de conflits.<\/p>\n\n\n\n<p>Pluralit\u00e9 des approches manag\u00e9riales.<\/p>\n\n\n\n<p>Profil des personnes encadr\u00e9es:<\/p>\n\n\n\n<p> du Brevet des Coll\u00e8ges \u00e0 Bac+5.<\/p>\n\n\n\n<p>Intervenant IMT Nord Europe.<\/p>\n<\/blockquote>\n","protected":false},"excerpt":{"rendered":"<p>Formation: Universit\u00e9 de Lille III IRA de Lille Institut de Sociodynamique Ecole d&#8217;Ethologie Humaine DEFC (Dipl\u00f4me d&#8217;Entra\u00eeneur F\u00e9d\u00e9ral de Club, option Billard Fran\u00e7ais) Exp\u00e9rience: Encadrement dans de petites et grandes structures. Gestion de conflits. Pluralit\u00e9 des approches manag\u00e9riales. Profil des personnes encadr\u00e9es: du Brevet des Coll\u00e8ges \u00e0 Bac+5. Intervenant IMT Nord Europe.<\/p>\n","protected":false},"author":1,"featured_media":0,"parent":0,"menu_order":0,"comment_status":"closed","ping_status":"closed","template":"","meta":{"footnotes":""},"class_list":["post-109","page","type-page","status-publish","hentry"],"_links":{"self":[{"href":"https:\/\/faemanag.com\/index.php\/wp-json\/wp\/v2\/pages\/109","targetHints":{"allow":["GET"]}}],"collection":[{"href":"https:\/\/faemanag.com\/index.php\/wp-json\/wp\/v2\/pages"}],"about":[{"href":"https:\/\/faemanag.com\/index.php\/wp-json\/wp\/v2\/types\/page"}],"author":[{"embeddable":true,"href":"https:\/\/faemanag.com\/index.php\/wp-json\/wp\/v2\/users\/1"}],"replies":[{"embeddable":true,"href":"https:\/\/faemanag.com\/index.php\/wp-json\/wp\/v2\/comments?post=109"}],"version-history":[{"count":1,"href":"https:\/\/faemanag.com\/index.php\/wp-json\/wp\/v2\/pages\/109\/revisions"}],"predecessor-version":[{"id":110,"href":"https:\/\/faemanag.com\/index.php\/wp-json\/wp\/v2\/pages\/109\/revisions\/110"}],"wp:attachment":[{"href":"https:\/\/faemanag.com\/index.php\/wp-json\/wp\/v2\/media?parent=109"}],"curies":[{"name":"wp","href":"https:\/\/api.w.org\/{rel}","templated":true}]}}