{"id":119,"date":"2024-12-04T16:43:21","date_gmt":"2024-12-04T15:43:21","guid":{"rendered":"https:\/\/faemanag.com\/?page_id=119"},"modified":"2024-12-04T19:46:25","modified_gmt":"2024-12-04T18:46:25","slug":"gestion-de-conflits","status":"publish","type":"page","link":"https:\/\/faemanag.com\/index.php\/gestion-de-conflits\/","title":{"rendered":"Gestion de conflits"},"content":{"rendered":"\n<blockquote class=\"wp-block-quote is-layout-flow wp-block-quote-is-layout-flow\">\n<p>Les postures des diff\u00e9rents acteurs<\/p>\n\n\n\n<p>Etude des diff\u00e9rents profils<\/p>\n\n\n\n<p>L&#8217;\u00e9coute active<\/p>\n\n\n\n<p>Gestion des personnalit\u00e9s difficiles<\/p>\n\n\n\n<p>M\u00e9thodes strat\u00e9giques de r\u00e9solution de probl\u00e8mes<\/p>\n<\/blockquote>\n","protected":false},"excerpt":{"rendered":"<p>Les postures des diff\u00e9rents acteurs Etude des diff\u00e9rents profils L&#8217;\u00e9coute active Gestion des personnalit\u00e9s difficiles M\u00e9thodes strat\u00e9giques de r\u00e9solution de probl\u00e8mes<\/p>\n","protected":false},"author":1,"featured_media":0,"parent":0,"menu_order":0,"comment_status":"closed","ping_status":"closed","template":"","meta":{"footnotes":""},"class_list":["post-119","page","type-page","status-publish","hentry"],"_links":{"self":[{"href":"https:\/\/faemanag.com\/index.php\/wp-json\/wp\/v2\/pages\/119","targetHints":{"allow":["GET"]}}],"collection":[{"href":"https:\/\/faemanag.com\/index.php\/wp-json\/wp\/v2\/pages"}],"about":[{"href":"https:\/\/faemanag.com\/index.php\/wp-json\/wp\/v2\/types\/page"}],"author":[{"embeddable":true,"href":"https:\/\/faemanag.com\/index.php\/wp-json\/wp\/v2\/users\/1"}],"replies":[{"embeddable":true,"href":"https:\/\/faemanag.com\/index.php\/wp-json\/wp\/v2\/comments?post=119"}],"version-history":[{"count":2,"href":"https:\/\/faemanag.com\/index.php\/wp-json\/wp\/v2\/pages\/119\/revisions"}],"predecessor-version":[{"id":122,"href":"https:\/\/faemanag.com\/index.php\/wp-json\/wp\/v2\/pages\/119\/revisions\/122"}],"wp:attachment":[{"href":"https:\/\/faemanag.com\/index.php\/wp-json\/wp\/v2\/media?parent=119"}],"curies":[{"name":"wp","href":"https:\/\/api.w.org\/{rel}","templated":true}]}}